f 3798?
9
What is the units digit of 360?
0
What is the ten thousands digit of 17361?
1
What is the hundreds digit of 1923?
9
What is the units digit of 19267?
7
What is the tens digit of 139614?
1
What is the thousands digit of 2468?
2
What is the tens digit of 810?
1
What is the tens digit of 935?
3
What is the units digit of 71983?
3
What is the hundreds digit of 185?
1
What is the tens digit of 56677?
7
What is the tens digit of 2129?
2
What is the tens digit of 31531?
3
What is the thousands digit of 3483?
3
What is the tens digit of 1210?
1
What is the units digit of 47654?
4
What is the units digit of 2870?
0
What is the tens digit of 14091?
9
What is the hundreds digit of 2105?
1
What is the tens digit of 13666?
6
What is the hundred thousands digit of 158479?
1
What is the units digit of 65?
5
What is the hundreds digit of 3421?
4
What is the units digit of 19420?
0
What is the thousands digit of 90551?
0
What is the units digit of 4997?
7
What is the hundreds digit of 7819?
8
What is the ten thousands digit of 11009?
1
What is the thousands digit of 64960?
4
What is the units digit of 28454?
4
What is the thousands digit of 7480?
7
What is the hundreds digit of 1969?
9
What is the hundreds digit of 163674?
6
What is the tens digit of 45003?
0
What is the units digit of 5903?
3
What is the units digit of 442?
2
What is the units digit of 11?
1
What is the units digit of 2409?
9
What is the ten thousands digit of 26138?
2
What is the units digit of 20609?
9
What is the tens digit of 405?
0
What is the units digit of 1073?
3
What is the ten thousands digit of 19305?
1
What is the units digit of 8066?
6
What is the hundreds digit of 15578?
5
What is the tens digit of 21053?
5
What is the hundreds digit of 2181?
1
What is the units digit of 731?
1
What is the hundreds digit of 257?
2
What is the hundreds digit of 1780?
7
What is the hundreds digit of 3521?
5
What is the hundreds digit of 359?
3
What is the hundreds digit of 380?
3
What is the units digit of 25895?
5
What is the tens digit of 20292?
9
What is the tens digit of 435?
3
What is the units digit of 2138?
8
What is the tens digit of 892?
9
What is the units digit of 2163?
3
What is the thousands digit of 2359?
2
What is the hundreds digit of 1057?
0
What is the thousands digit of 8322?
8
What is the ten thousands digit of 39896?
3
What is the tens digit of 51069?
6
What is the ten thousands digit of 108209?
0
What is the units digit of 63850?
0
What is the hundreds digit of 1501?
5
What is the thousands digit of 38106?
8
What is the tens digit of 8540?
4
What is the tens digit of 14793?
9
What is the hundreds digit of 673?
6
What is the ten thousands digit of 83922?
8
What is the hundreds digit of 44569?
5
What is the units digit of 1603?
3
What is the hundreds digit of 14478?
4
What is the tens digit of 553?
5
What is the hundreds digit of 5937?
9
What is the thousands digit of 4097?
4
What is the tens digit of 5234?
3
What is the units digit of 69448?
8
What is the thousands digit of 69036?
9
What is the hundreds digit of 5097?
0
What is the hundreds digit of 61295?
2
What is the thousands digit of 4424?
4
What is the units digit of 113663?
3
What is the units digit of 2060?
0
What is the tens digit of 2467?
6
What is the tens digit of 8624?
2
What is the units digit of 6391?
1
What is the tens digit of 2433?
3
What is the tens digit of 1483?
8
What is the tens digit of 14331?
3
What is the thousands digit of 37542?
7
What is the units digit of 5329?
9
What is the units digit of 12644?
4
What is the thousands digit of 44375?
4
What is the units digit of 947?
7
What is the units digit of 35358?
8
What is the hundreds digit of 2380?
3
What is the tens digit of 40444?
4
What is the ten thousands digit of 42786?
4
What is the tens digit of 13536?
3
What is the hundreds digit of 1877?
8
What is the units digit of 8576?
6
What is the ten thousands digit of 46633?
4
What is the units digit of 8734?
4
What is the units digit of 1027?
7
What is the units digit of 10064?
4
What is the units digit of 1934?
4
What is the hundreds digit of 818?
8
What is the hundreds digit of 31752?
7
What is the hundreds digit of 47322?
3
What is the tens digit of 1010?
1
What is the tens digit of 1526?
2
What is the hundreds digit of 4174?
1
What is the ten thousands digit of 18187?
1
What is the thousands digit of 11776?
1
What is the hundreds digit of 27478?
4
What is the tens digit of 9702?
0
What is the units digit of 105177?
7
What is the thousands digit of 61123?
1
What is the thousands digit of 1767?
1
What is the units digit of 91292?
2
What is the thousands digit of 13276?
3
What is the thousands digit of 11962?
1
What is the hundreds digit of 551?
5
What is the hundreds digit of 168?
1
What is the tens digit of 970?
7
What is the tens digit of 29463?
6
What is the units digit of 22564?
4
What is the thousands digit of 23129?
3
What is the thousands digit of 88027?
8
What is the hundreds digit of 120089?
0
What is the hundreds digit of 25935?
9
What is the tens digit of 68135?
3
What is the thousands digit of 1252?
1
What is the hundreds digit of 69570?
5
What is the hundreds digit of 166601?
6
What is the units digit of 5453?
3
What is the hundreds digit of 1554?
5
What is the units digit of 56939?
9
What is the units digit of 7970?
0
What is the thousands digit of 6579?
6
What is the ten thousands digit of 18571?
1
What is the hundreds digit of 429?
4
What is the ten thousands digit of 51651?
5
What is the thousands digit of 17289?
7
What is the tens digit of 2784?
8
What is the ten thousands digit of 57284?
5
What is the tens digit of 18087?
8
What is the tens digit of 1095?
9
What is the tens digit of 17004?
0
What is the hundreds digit of 105426?
4
What is the tens digit of 2283?
8
What is the units digit of 8569?
9
What is the units digit of 822?
2
What is the hundreds digit of 3565?
5
What is the thousands digit of 205242?
5
What is the tens digit of 6713?
1
What is the hundreds digit of 270?
2
What is the thousands digit of 1804?
1
What is the units digit of 549?
9
What is the units digit of 2707?
7
What is the thousands digit of 2201?
2
What is the tens digit of 7166?
6
What is the tens digit of 1368?
6
What is the ten thousands digit of 14973?
1
What is the hundreds digit of 3162?
1
What is the hundreds digit of 121098?
0
What is the thousands digit of 20515?
0
What is the hundreds digit of 61090?
0
What is the units digit of 155412?
2
What is the tens digit of 373?
7
What is the tens digit of 28355?
5
What is the thousands digit of 2300?
2
What is the thousands digit of 6500?
6
What is the tens digit of 1129?
2
What is the thousands digit of 14118?
4
What is the tens digit of 1011?
1
What is the tens digit of 4865?
6
What is the tens digit of 5651?
5
What is the units digit of 896?
6
What is the thousands digit of 4771?
4
What is the units digit of 75010?
0
What is the hundreds digit of 212?
2
What is the tens digit of 845?
4
What is the thousands digit of 10609?
0
What is the hundreds digit of 97657?
6
What is the hundreds digit of 1112?
1
What is the hundreds digit of 12759?
7
What is the thousands digit of 1943?
1
What is the thousands digit of 11848?
1
What is the units digit of 8140?
0
What is the units digit of 950?
0
What is the hundreds digit of 1163?
1
What is the hundreds digit of 303?
3
What is the thousands digit of 24972?
4
What is the units digit of 733?
3
What is the tens digit of 339?
3
What is the units digit of 35360?
0
What is the units digit of 2479?
9
What is the thousands digit of 15052?
5
What is the units digit of 12980?
0
What is the units digit of 2113?
3
What is the ten thousands digit of 31270?
3
What is the units digit of 45?
5
What is the tens digit of 734?
3
What is the hundreds digit of 99474?
4
What is the hundreds digit of 126?
1
What is the thousands digit of 1057?
1
What is the hundreds digit of 1021?
0
What is the hundreds digit of 107145?
1
What is the hundreds digit of 12152?
1
What is the tens digit of 5808?
0
What is the thousands digit of 9600?
9
What is the tens digit of 8794?
9
What is the ten thousands digit of 137492?
3
What is the hundreds digit of 1459?
4
What is the thousands digit of 28663?
8
What is the tens digit of 16968?
6
Wha